 -3*m**2 - m**3 + 4 - 2*m**2 + 0*m**2 + 8*m. What is a(h)?
-8
Let h = -555 - -584. Let m(u) = 4*u + 29 - h - u. Determine m(2).
6
Let k(m) = 7*m + 138. Suppose 0 = 19*z + 214 + 83 + 64. Calculate k(z).
5
Let w(j) = -44*j - 47. Let y be w(-1). Let z(s) = -s - 14. Let l(v) = -5. Let t(x) = 11*l(x) - 4*z(x). What is t(y)?
-11
Let w(q) = -q + 8. Let c(g) = g - 10. Let m(t) = 2*c(t) + 3*w(t). Suppose 10*f = 9*f + 9. Calculate m(f).
-5
Let d be 2 - 4*2/2. Suppose -4*j - 7 = -9*j - 3*k, 0 = -j + 5*k + 7. Let t(w) = -2*w + 463 - 462 + w + 5*w**j + 4*w. Determine t(d).
15
Let m(l) = -l**3 - 4*l**2 - l - 4. Let p be (-1)/(40/(-16)) + (-33)/(-5). Suppose -r = -4*q - 21, 0 = 3*q - p*q + 3*r - 31. Give m(q).
0
Let u(q) be the third derivative of q**6/120 - 13*q**5/60 + 5*q**4/6 + 7*q**3/3 - 1340*q**2. Give u(11).
-8
Suppose -3*v - 25670 = -4*d - 110088, -4*d = -6*v + 168844. Let l(r) = v*r**2 - 5 - 28141*r**2 - 4*r + r. Calculate l(4).
-1
Let k(n) be the third derivative of -n**5/60 - n**4/8 + n**3/3 - 5*n**2. Suppose 0*q = -2*v + q - 2, -3*v = -4*q - 7. Let o be (9/(-2))/v*8/6. Give k(o).
-8
Let u(w) = 13*w + 21. Let l(h) = 37*h + 63. Let p(x) = -6*l(x) + 17*u(x). Let n be p(-14). Let s(j) = -j**2 - 4*j - 6. What is s(n)?
-27
Suppose -4*p = -0*p + 92. Let q = 45 + p. Suppose 0 = 5*j - 5*l - 10, l = -3*j - 3*l - q. Let k(d) = -4*d - 1. Determine k(j).
7
Let k(s) = s**2 + 6*s - 1. Let f be k(-7). Let n(p) be the first derivative of -p**4/4 + 5*p**3/3 + 7*p**2/2 - 2*p - 1587. What is n(f)?
4
Let u(k) = 2*k - 3. Let z(o) = 4*o**2 - 24*o + 3. Suppose 28 = 10*b + 4*b. Let a be (-13)/26 - (-13)/b. Let t be z(a). What is u(t)?
3
Let p(u) = u**3 - 5*u**2 - 5*u - 1. Let i = -156 + 167. Suppose 0 = -m + i - 5. Determine p(m).
5
Let s(u) = 3*u + 28. Suppose -5*w - 27 = 23. Let f be s(w). Let g(a) = 6*a**2 + a - 7. Let v(c) = 7*c**2 + c - 8. Let l(k) = 6*g(k) - 5*v(k). Give l(f).
0
Let b(h) = -h. Let f(x) = x**2 + 17*x - 9. Let v(s) = 4*b(s) + f(s). Let c be ((-108)/(-162))/(2 - 111/54). What is v(c)?
-21
Let z = -2544 - -2555. Let n(s) = 7*s - 36. Calculate n(z).
41
Suppose 3*l = 2*m - 1, -10 = -l + 5*m + 7. Let g(d) be the first derivative of d**4/4 + d**3/3 - d**2 - d + 54107. What is g(l)?
-13
Let a(t) = 13 + 29 - 121 + 7*t - 66 - 28. Determine a(23).
-12
Suppose 0 = -4*m - 63 - 5. Let k be (-102)/(-13) - m/((-1105)/(-10)). Let w(g) = 9*g + 0*g - 3*g**2 + 4*g**3 - k*g + g**2. What is w(1)?
3
Let w(l) = 11 + 20 + 16*l**2 + 21 - 40 + l**3 - 24*l**2. Calculate w(7).
-37
Let t(w) = 0*w**2 + 3*w - 3 + 461*w**3 + 7*w - 462*w**3 + w**2. Determine t(4).
-11
Let r(p) be the second derivative of -p**4/12 + 16*p**3/3 - 55*p**2/2 - 10*p + 50. Calculate r(30).
5
Let y(n) be the first derivative of -63 + 0*n - 1/2*n**2. Calculate y(-2).
2
Suppose 7*g = -10*g + 34. Let u(h) = -h**3 + 2*h. Let o be u(-4). Let j(i) = -i**2 + o*i**3 - 53*i**3 + 2*i**g. Give j(-1).
-2
Suppose -4*g - 24 = -0*g. Let s(k) be the first derivative of 3*k**2 + 2*k - 8851. What is s(g)?
-34
Let t(a) be the third derivative of a**8/6720 + a**7/360 + a**6/120 - a**5/15 + 41*a**4/24 - 50*a**2. Let p(u) be the second derivative of t(u). What is p(-6)?
-8
Let c = -6852 + 6863. Let t(n) = n**3 - 12*n**2 + 6*n + 6. Give t(c).
-49
Let i(g) be the third derivative of -306*g**2 + 0*g - 1/12*g**4 + 0 - 7/60*g**5 + 1/6*g**3. Calculate i(-2).
-23
Let q(v) = v - 9. Let s(x) = -x**2 + 19 + 2*x**2 + 5*x - 11 - 5. Let o be s(-6). Give q(o).
0
Let m(a) = a**3 - 3*a**2 + 4*a. Let c be ((-13)/(-2))/(5 - 9/2). Suppose 1 = -0*y - 5*y - u, -4*u + c = 3*y. Let q be (-1 + -3)*-1 + y. What is m(q)?
12
Let m(w) = 44*w**2 + 317*w + 3440. Let z(v) = 5*v**2 + 35*v + 382. Let k(b) = 4*m(b) - 35*z(b). Determine k(-30).
0
Let t(z) = z**3 - 4*z**2 - z - 2. Let w = -12467 + 12472. Calculate t(w).
18
Let i(j) = -2*j + 0 + 4 + 4 + 3*j. Let a = 17 - 57. Let h = a + 34. Determine i(h).
2
Let u(g) be the third derivative of g**4/12 - 4*g**3/3 - 22*g**2. Let q be (2 - 4)/(16/32). Calculate u(q).
-16
Let x be -1*3*(11 - 0 - 112/8). Let c(h) = -7*h**2 + 15*h - 1. Let w(n) = n**2 - n + 1. Let r(s) = c(s) + 6*w(s). Calculate r(x).
5
Let o(h) = -4426 + 2211 + 2209 - 4*h. Determine o(-2).
2
Suppose 4*t + 1078 = 2*z, 3*t + 23 = 8. Let h = -539 + z. Let a(y) = -y**3 - 11*y**2 - 14*y - 13. What is a(h)?
27
Let z(c) = -c**2 - 12*c + 7. Suppose 4*j + 8*j = 84. Suppose -m - 4 = j. Calculate z(m).
18
Let q(p) = p**2 - 9*p + 8. Let u(v) = 3*v - 17. Suppose 45 = m - 3*i, -4*m + i - 49 = -5*m. Let n = -40 + m. Let z be u(n). Calculate q(z).
-6
Let c be (-4)/(-26) - 76/(-13). Let b(t) be the first derivative of 1/4*t**4 + 5/2*t**2 + c + 4*t + 2*t**3. Calculate b(-5).
4
Let r = 12674 - 12670. Let k(n) be the third derivative of 0 + 36*n**2 - 1/6*n**r + 1/6*n**3 + 0*n. What is k(-1)?
5
Let x(i) be the third derivative of i**6/120 - 11*i**5/60 + i**4/3 - 8*i**3/3 + 2*i**2 - 412*i. Determine x(9).
-106
Suppose -5*i = -3*i + 24. Let w(g) = -13 - 25*g + 1 + 43*g - 3 - 19*g. Calculate w(i).
-3
Suppose 3*x + 2*a + 0 - 2 = 0, 2*x - 28 = 4*a. Suppose -x*g = 2*j + 2*j - 108, g = 3*j + 19. Let v(b) = 12 - g + 2*b + 11. Determine v(-3).
-8
Suppose 104 = 13*h - 130. Let q(i) = -24*i - h - 17*i + 62*i - 20*i. What is q(0)?
-18
Suppose -120*s - 1084 - 5412 - 1184 = 0. Let c = 75 - 16. Let g = s + c. Let z(u) = -u + 1. Calculate z(g).
6
Let z(l) be the third derivative of l**6/144 + l**5/120 - l**4/8 + 23*l**3/6 - 61*l**2. Let y(t) be the second derivative of z(t). Determine y(-1).
-4
Let u = -3505 - -3507. Let b(h) = h**3 - h**2 + 2*h - 4. What is b(u)?
4
Let a = 0 + 4. Suppose -4*z = 0, -5*z - 4 = -a*j - 20. Let n(x) be the third derivative of x**6/120 + x**5/15 - x**4/8 - x**3 + 41*x**2. Calculate n(j).
6
Let g(a) = a**3 - 6*a**2 - 2*a + 15. Let r be g(6). Let s(c) = -7 + 8*c**2 - 6*c - 10*c**2 + c - r*c. What is s(-3)?
-1
Let k(n) = -93*n + 2. Let r(m) = 548*m - 124. Let h(d) = -6*k(d) - r(d). Determine h(-9).
22
Let f be (-579)/(-18) - 3/18. Let t = -29 + f. Let u(j) = 10 - 15 + 0*j + j. What is u(t)?
-2
Let p be 4/16 - 415/(-20) - -4. Let j(d) = d**2 - 30*d + 134. What is j(p)?
9
Let y(a) = 19*a**2 + 29*a + 27. Let u(g) = -16*g**2 - 28*g - 29. Let t(k) = -7*u(k) - 6*y(k). Give t(12).
17
Suppose 3*m = 3*z - z + 460, 3*z = -3*m + 465. Suppose -5*n = 5*t - 170, 5*n + 0*t - 3*t = m. Let y(h) = -n*h + 55*h - 1 - 26*h. Calculate y(-2).
5
Let o(x) be the third derivative of x**5/60 - x**4/8 + x**3/2 + 2*x**2 + x. Let b = -168 - -170. Give o(b).
1
Let p(z) = -4*z + 13. Let k be 0*-1*11/11. Calculate p(k).
13
Let l be (-2)/(-3)*(-129 + 114). Let w(m) = -2*m**2 - 15*m + 48. Give w(l).
-2
Let y = 195 + -193. Suppose y*h + 125 = 129. Let u(r) = -2*r**3 + r**2 - 3*r + 2. Determine u(h).
-16
Let k(w) = -35 + 131*w + 17 - 246*w + 129 + 130*w. Calculate k(-9).
-24
Suppose 12 = -4*z, -o - 4*z - 11 = 1. Let t(s) be the third derivative of -s**5/60 + s**4/24 + 17*s**3/6 + 1794*s**2. Calculate t(o).
17
Let d(j) = 9*j**2 - 73*j + 4. Let v(y) = y**3 + 28*y**2 + 63*y + 294. Let o be v(-26). Determine d(o).
-4
Suppose s + 4*s = -5, 2*f + 4 = 2*s. Let k(a) = 14*a + 48. Let l be k(f). Let u(t) = -3*t - 3 + 6*t - 5*t**2 + 4*t**2. Calculate u(l).
-21
Let n(d) be the third derivative of d**4/8 - 185*d**3/6 - 4*d**2 + 6*d - 1. Determine n(64).
7
Let p(o) = -3*o + 63. Let k be p(19). Let x(g) = 15*g**3 - 8*g**2 + 17*g + 4. Let a(t) = 7*t**3 - 4*t**2 + 8*t + 2. Let d(c) = k*x(c) - 13*a(c). What is d(2)?
2
Let y = 7392 - 7383. Let r(b) = b**2 - 7*b. Calculate r(y).
18
Let q(m) = 7*m**2 + 160*m - 158. Let y be q(1). Let t(h) = -1. Let s(l) = l**2 - 11*l + 6. Let z(o) = -s(o) + 5*t(o). Determine z(y).
7
Let f(r) = 7*r**3 - r**2 + r - 1. Let w be f(1). Let t(l) be the third derivative of l**5/60 - l**4/3 + l**3/3 + 172*l**2 - l. Give t(w).
-10
Let o(t) = 10 + 2 - t**2 + 6. Let f be (-49)/11 + (-10476)/19206. Calculate o(f).
-7
Let v = 82 + -77. Let q(a) = -8*a - 13. Let l be q(v). Let b = -49 - l. Let y(t) = -2*t. Determine y(b).
-8
Let m(j) = -33 + 7*j - 2*j - 37*j**2 + 13*j + 19*j**2 + 17*j**2. Calculate m(15).
12
Let w = -28318 - -56649/2. Let d(s) be the first derivative of 39 - 1/3*s**3 - w*s**2 + 6*s. Give d(-13).
6
Suppose 0*p - 6 = -2*p. Let v(f) = -8*f + 9*f + 4 + f**3 - 2*f**p - 2. Calculate v(